{"id":66,"date":"2020-03-10T14:00:39","date_gmt":"2020-03-10T13:00:39","guid":{"rendered":"https:\/\/amide.eu\/?page_id=66"},"modified":"2022-06-03T13:06:08","modified_gmt":"2022-06-03T11:06:08","slug":"materials","status":"publish","type":"page","link":"https:\/\/amide.eu\/lv\/materials\/","title":{"rendered":"Materi\u0101li"},"content":{"rendered":"<p><span style=\"font-size: 14pt;\">AMiDE materi\u0101ls sast\u0101v no \u010detr\u0101m da\u013c\u0101m:<\/span><\/p>\n<p><span style=\"font-size: 14pt;\">A. Desmit modu\u013ci ar m\u0101c\u012bbu materi\u0101liem par demenci un cit\u0101m kult\u016br\u0101m <\/span><br \/>\n<span style=\"font-size: 14pt;\">B. P\u0101rdomu instrumenti<br \/>\n<\/span><span style=\"font-size: 14pt;\">C: Skolot\u0101ju ce\u013cvedis<br \/>\nD: Videoklipi par labas apr\u016bpes nodro\u0161in\u0101\u0161anu pilso\u0146iem ar demenci un citu kult\u016bras izcelsmi<\/span><\/p>\n<p><span style=\"font-size: 14pt;\" data-no-translation=\"\">A:<\/span><\/p>\n<p><a href=\"https:\/\/amide.eu\/wp-content\/uploads\/2021\/10\/LV.-1_Ievads_Apsverumi-par-macibu-vajadzibam-1.pdf\" target=\"_blank\" rel=\"noopener\"><span style=\"font-size: 14pt;\">1. modulis: Ievads_Apsverumi par macibu vajadzibam<\/span><\/a><\/p>\n<p><span style=\"font-size: 14pt;\"><a href=\"https:\/\/amide.eu\/wp-content\/uploads\/2021\/10\/LV.-2_Dzives-vestures-nozime-multnacionala-konteksta-1.pdf\" target=\"_blank\" rel=\"noopener\">2. modulis: Dz\u012bves v\u0113stures noz\u012bme<\/a><\/span><\/p>\n<p><span style=\"font-size: 14pt;\"><a href=\"https:\/\/amide.eu\/wp-content\/uploads\/2021\/10\/LV.-3_Veselibas-un-slimibu-uztveres-atskiribas-dazadas-kulturas-1.pdf\" target=\"_blank\" rel=\"noopener\">3. modulis. Vesel\u012bbas un slim\u012bbu uztvere da\u017e\u0101d\u0101s kult\u016br\u0101s<\/a><\/span><\/p>\n<p><span style=\"font-size: 14pt;\"><a href=\"https:\/\/amide.eu\/wp-content\/uploads\/2021\/10\/LV.-4_Demences-formas-to-ietekme-uz-izzinu-un-uzvedibu-1.pdf\" target=\"_blank\" rel=\"noopener\">4. modulis: Demences formas, to ietekme uz izzi\u0146u un sekas uzved\u012bb\u0101<\/a><\/span><\/p>\n<p><span style=\"font-size: 14pt;\"><a href=\"https:\/\/amide.eu\/wp-content\/uploads\/2021\/10\/LV.-5_Izprotot-izaicinosho-uzvedibu-1.pdf\" target=\"_blank\" rel=\"noopener\">5. modulis: Izpratne par izaicino\u0161u uzved\u012bbu<\/a><\/span><\/p>\n<p><span style=\"font-size: 14pt;\"><a href=\"https:\/\/amide.eu\/wp-content\/uploads\/2021\/10\/LV.-6_Komunikacija-ar-personam-ar-demenci-ar-atskirigu-etnisko-izcelsmi-1.pdf\" target=\"_blank\" rel=\"noopener\">6. modulis: sazi\u0146a ar person\u0101m no citas etnisk\u0101s izcelsmes ar demenci<\/a><\/span><\/p>\n<p><span style=\"font-size: 14pt;\"><a href=\"https:\/\/amide.eu\/wp-content\/uploads\/2021\/10\/LV.-7_Nefarmakologiska-iejaukshanasmultikulturala-konteksta-1.pdf\" target=\"_blank\" rel=\"noopener\">7. modulis: Nefarmakolo\u0123isk\u0101s iejauk\u0161an\u0101s multikultur\u0101l\u0101 kontekst\u0101<\/a><\/span><\/p>\n<p><span style=\"font-size: 14pt;\"><a href=\"https:\/\/amide.eu\/wp-content\/uploads\/2021\/10\/LV.-8_Sadarbiba-ar-personas-ar-demenci-radiniekiem-ar-citu-etnisko-izcelsmi-1.pdf\" target=\"_blank\" rel=\"noopener\">8. modulis: Sadarb\u012bba ar radiniekiem<\/a><\/span><\/p>\n<p><span style=\"font-size: 14pt;\"><a href=\"https:\/\/amide.eu\/wp-content\/uploads\/2021\/10\/LV.-9_Ka-tiek-attistitas-starpkulturu-kompetences-1.pdf\" target=\"_blank\" rel=\"noopener\">9. modulis: K\u0101 tiek att\u012bst\u012btas starpkult\u016bru kompetences un sadarb\u012bba starp kol\u0113\u0123iem multikultur\u0101l\u0101 komand\u0101<\/a><\/span><\/p>\n<p><span style=\"font-size: 14pt;\"><a href=\"https:\/\/amide.eu\/wp-content\/uploads\/2021\/10\/LV.-10_Aprupes-instituciju-uzdevumi.pdf\" target=\"_blank\" rel=\"noopener\">10. modulis: Uzdevumi apr\u016bpes iest\u0101des organiz\u0113\u0161anai<\/a><\/span><\/p>\n<p><span style=\"font-size: 14pt;\" data-no-translation=\"\">B:<\/span><\/p>\n<p><span style=\"font-size: 14pt;\">Atspulgs<\/span><br \/>\n<span style=\"font-size: 14pt;\"><a href=\"https:\/\/amide.eu\/lv\/questions-modules\/\" target=\"_blank\" rel=\"noopener\">Jaut\u0101jumi modu\u013ciem<\/a><\/span><br \/>\n \t<span style=\"font-size: 14pt;\"><a href=\"https:\/\/amide.eu\/lv\/materials\/materials-reflection-tools\/\" target=\"_blank\" rel=\"noopener\">P\u0101rdomu r\u012bki<\/span><\/a><\/span><\/p>\n<p><span style=\"font-size: 14pt;\" data-no-translation=\"\">C:<\/span><\/p>\n<p><a href=\"https:\/\/amide.eu\/wp-content\/uploads\/2022\/04\/LV-Pedagoga-rokasgramata.pdf\" target=\"_blank\" rel=\"noopener\"><span style=\"font-size: 14pt;\">Skolot\u0101ju ce\u013cvedis<\/span><\/a><\/p>\n<p><span style=\"font-size: 14pt;\" data-no-translation=\"\">D:<\/span><\/p>\n<p><a href=\"https:\/\/amide.eu\/lv\/awareness-videos\/\" target=\"_blank\" rel=\"noopener\"><span style=\"font-size: 14pt;\">Videoklipi par labas apr\u016bpes nodro\u0161in\u0101\u0161anu pilso\u0146iem ar demenci un citu kult\u016bras izcelsmi<\/span><\/a><\/p>\n<p>&nbsp;<\/p>","protected":false},"excerpt":{"rendered":"<p>The AMiDE material consists of four parts: A. Ten modules with learning materials about dementia and other cultures B. Reflection tools C: A Teachers guide D: Videos about providing good care for citizens with dementia and other cultural background A: Module 1: Introduction: Considerations on Learning Needs Module 2: The importance of the life history [&hellip;]<\/p>","protected":false},"author":1,"featured_media":0,"parent":0,"menu_order":0,"comment_status":"closed","ping_status":"closed","template":"","meta":{"footnotes":""},"class_list":["post-66","page","type-page","status-publish","hentry"],"_links":{"self":[{"href":"https:\/\/amide.eu\/lv\/wp-json\/wp\/v2\/pages\/66","targetHints":{"allow":["GET"]}}],"collection":[{"href":"https:\/\/amide.eu\/lv\/wp-json\/wp\/v2\/pages"}],"about":[{"href":"https:\/\/amide.eu\/lv\/wp-json\/wp\/v2\/types\/page"}],"author":[{"embeddable":true,"href":"https:\/\/amide.eu\/lv\/wp-json\/wp\/v2\/users\/1"}],"replies":[{"embeddable":true,"href":"https:\/\/amide.eu\/lv\/wp-json\/wp\/v2\/comments?post=66"}],"version-history":[{"count":50,"href":"https:\/\/amide.eu\/lv\/wp-json\/wp\/v2\/pages\/66\/revisions"}],"predecessor-version":[{"id":664,"href":"https:\/\/amide.eu\/lv\/wp-json\/wp\/v2\/pages\/66\/revisions\/664"}],"wp:attachment":[{"href":"https:\/\/amide.eu\/lv\/wp-json\/wp\/v2\/media?parent=66"}],"curies":[{"name":"wp","href":"https:\/\/api.w.org\/{rel}","templated":true}]}}

Materiāli

<p><span style="font-size: 14pt;">AMiDE materiāls sastāv no četrām daļām:</span></p>
<p><span style="font-size: 14pt;">A. Desmit moduļi ar mācību materiāliem par demenci un citām kultūrām </span><br />
<span style="font-size: 14pt;">B. Pārdomu instrumenti<br />
</span><span style="font-size: 14pt;">C: Skolotāju ceļvedis<br />
D: Videoklipi par labas aprūpes nodrošināšanu pilsoņiem ar demenci un citu kultūras izcelsmi</span></p>
<p><span style="font-size: 14pt;" data-no-translation="">A:</span></p>
<p><a href="https://amide.eu/wp-content/uploads/2021/10/LV.-1_Ievads_Apsverumi-par-macibu-vajadzibam-1.pdf" target="_blank" rel="noopener"><span style="font-size: 14pt;">1. modulis: Ievads_Apsverumi par macibu vajadzibam</span></a></p>
<p><span style="font-size: 14pt;"><a href="https://amide.eu/wp-content/uploads/2021/10/LV.-2_Dzives-vestures-nozime-multnacionala-konteksta-1.pdf" target="_blank" rel="noopener">2. modulis: Dzīves vēstures nozīme</a></span></p>
<p><span style="font-size: 14pt;"><a href="https://amide.eu/wp-content/uploads/2021/10/LV.-3_Veselibas-un-slimibu-uztveres-atskiribas-dazadas-kulturas-1.pdf" target="_blank" rel="noopener">3. modulis. Veselības un slimību uztvere dažādās kultūrās</a></span></p>
<p><span style="font-size: 14pt;"><a href="https://amide.eu/wp-content/uploads/2021/10/LV.-4_Demences-formas-to-ietekme-uz-izzinu-un-uzvedibu-1.pdf" target="_blank" rel="noopener">4. modulis: Demences formas, to ietekme uz izziņu un sekas uzvedībā</a></span></p>
<p><span style="font-size: 14pt;"><a href="https://amide.eu/wp-content/uploads/2021/10/LV.-5_Izprotot-izaicinosho-uzvedibu-1.pdf" target="_blank" rel="noopener">5. modulis: Izpratne par izaicinošu uzvedību</a></span></p>
<p><span style="font-size: 14pt;"><a href="https://amide.eu/wp-content/uploads/2021/10/LV.-6_Komunikacija-ar-personam-ar-demenci-ar-atskirigu-etnisko-izcelsmi-1.pdf" target="_blank" rel="noopener">6. modulis: saziņa ar personām no citas etniskās izcelsmes ar demenci</a></span></p>
<p><span style="font-size: 14pt;"><a href="https://amide.eu/wp-content/uploads/2021/10/LV.-7_Nefarmakologiska-iejaukshanasmultikulturala-konteksta-1.pdf" target="_blank" rel="noopener">7. modulis: Nefarmakoloģiskās iejaukšanās multikulturālā kontekstā</a></span></p>
<p><span style="font-size: 14pt;"><a href="https://amide.eu/wp-content/uploads/2021/10/LV.-8_Sadarbiba-ar-personas-ar-demenci-radiniekiem-ar-citu-etnisko-izcelsmi-1.pdf" target="_blank" rel="noopener">8. modulis: Sadarbība ar radiniekiem</a></span></p>
<p><span style="font-size: 14pt;"><a href="https://amide.eu/wp-content/uploads/2021/10/LV.-9_Ka-tiek-attistitas-starpkulturu-kompetences-1.pdf" target="_blank" rel="noopener">9. modulis: Kā tiek attīstītas starpkultūru kompetences un sadarbība starp kolēģiem multikulturālā komandā</a></span></p>
<p><span style="font-size: 14pt;"><a href="https://amide.eu/wp-content/uploads/2021/10/LV.-10_Aprupes-instituciju-uzdevumi.pdf" target="_blank" rel="noopener">10. modulis: Uzdevumi aprūpes iestādes organizēšanai</a></span></p>
<p><span style="font-size: 14pt;" data-no-translation="">B:</span></p>
<p><span style="font-size: 14pt;">Atspulgs</span><br />
<span style="font-size: 14pt;"><a href="https://amide.eu/lv/questions-modules/" target="_blank" rel="noopener">Jautājumi moduļiem</a></span><br />
 	<span style="font-size: 14pt;"><a href="https://amide.eu/lv/materials/materials-reflection-tools/" target="_blank" rel="noopener">Pārdomu rīki</span></a></span></p>
<p><span style="font-size: 14pt;" data-no-translation="">C:</span></p>
<p><a href="https://amide.eu/wp-content/uploads/2022/04/LV-Pedagoga-rokasgramata.pdf" target="_blank" rel="noopener"><span style="font-size: 14pt;">Skolotāju ceļvedis</span></a></p>
<p><span style="font-size: 14pt;" data-no-translation="">D:</span></p>
<p><a href="https://amide.eu/lv/awareness-videos/" target="_blank" rel="noopener"><span style="font-size: 14pt;">Videoklipi par labas aprūpes nodrošināšanu pilsoņiem ar demenci un citu kultūras izcelsmi</span></a></p>
<p>&nbsp;</p>
